{"id":41,"date":"2024-01-11T16:28:35","date_gmt":"2024-01-11T13:28:35","guid":{"rendered":"https:\/\/yeni.yavuzturkticaret.com\/?page_id=41"},"modified":"2024-01-15T14:18:33","modified_gmt":"2024-01-15T11:18:33","slug":"urunlerimiz","status":"publish","type":"page","link":"https:\/\/yeni.yavuzturkticaret.com\/index.php\/urunlerimiz\/","title":{"rendered":"\u00dcr\u00fcnlerimiz"},"content":{"rendered":"<div class=\"\" style=\"\" >\n    \n    <section class=\"u-align-center u-clearfix u-section-2\" id=\"sec-0c36\">\n      <div class=\"u-clearfix u-sheet u-sheet-1\">\n        <div class=\"u-expanded-width u-list u-list-1\">\n          <div class=\"u-repeater u-repeater-1\">\n            <div class=\"u-container-style u-hover-feature u-image u-list-item u-repeater-item u-image-1\" data-image-width=\"375\" data-image-height=\"375\" data-href=\"https:\/\/yeni.yavuzturkticaret.com\/index.php\/dinamo\/\" title=\"Dinamo\" style=\"background-image: url(&quot;https:\/\/yeni.yavuzturkticaret.com\/wp-content\/uploads\/2024\/01\/dinamo-02.jpg&quot;);\">\n              <div class=\"u-container-layout u-similar-container u-valign-middle u-container-layout-1\">\n                <a href=\"https:\/\/yeni.yavuzturkticaret.com\/index.php\/dinamo\/\" class=\"u-border-none u-btn u-btn-round u-button-style u-custom-color-1 u-hover-palette-1-light-1 u-radius u-btn-1\">Detayl\u0131 Bilgi...<\/a>\n              <\/div>\n            <\/div>\n            <div class=\"u-container-style u-image u-list-item u-repeater-item u-image-2\" data-image-width=\"1617\" data-image-height=\"1027\" data-href=\"https:\/\/yeni.yavuzturkticaret.com\/index.php\/dalgic-pompa-2\/\" title=\"Dalg\u0131\u00e7 Pompa\" style=\"background-image: url(&quot;https:\/\/yeni.yavuzturkticaret.com\/wp-content\/uploads\/2024\/01\/dalgic-pompa.jpg&quot;);\">\n              <div class=\"u-container-layout u-similar-container u-valign-middle u-container-layout-2\">\n                <a href=\"https:\/\/yeni.yavuzturkticaret.com\/index.php\/dalgic-pompa-2\/\" class=\"u-border-none u-btn u-btn-round u-button-style u-custom-color-1 u-hover-palette-1-light-1 u-radius u-btn-2\">Detayl\u0131 Bilgi...<\/a>\n              <\/div>\n            <\/div>\n            <div class=\"u-container-style u-image u-list-item u-repeater-item u-image-3\" data-image-width=\"500\" data-image-height=\"400\" data-href=\"https:\/\/yeni.yavuzturkticaret.com\/index.php\/hay-su-2\/\" title=\"Hay-Su\" style=\"background-image: url(&quot;https:\/\/yeni.yavuzturkticaret.com\/wp-content\/uploads\/2024\/01\/jenerator.jpg&quot;);\">\n              <div class=\"u-container-layout u-similar-container u-valign-middle u-container-layout-3\">\n                <a href=\"https:\/\/yeni.yavuzturkticaret.com\/index.php\/jenerator-2\/\" class=\"u-border-none u-btn u-btn-round u-button-style u-custom-color-1 u-hover-palette-1-light-1 u-radius u-btn-3\">Detayl\u0131 Bilgi...<\/a>\n              <\/div>\n            <\/div>\n            <div class=\"u-container-style u-image u-list-item u-repeater-item u-image-4\" data-image-width=\"880\" data-image-height=\"480\" data-href=\"https:\/\/yeni.yavuzturkticaret.com\/index.php\/hay-su-2\/\" title=\"Hay-Su\" style=\"background-image: url(&quot;https:\/\/yeni.yavuzturkticaret.com\/wp-content\/uploads\/2024\/01\/hidrofor-.jpg&quot;);\">\n              <div class=\"u-container-layout u-similar-container u-valign-middle u-container-layout-4\">\n                <a href=\"https:\/\/yeni.yavuzturkticaret.com\/index.php\/hidrofor-tanki\/\" class=\"u-border-none u-btn u-btn-round u-button-style u-custom-color-1 u-hover-palette-1-light-1 u-radius u-btn-4\">Detayl\u0131 Bilgi...<\/a>\n              <\/div>\n            <\/div>\n          <\/div>\n        <\/div>\n      <\/div>\n      \n    <\/section>\n    \n    \n    \n  \n<\/div>","protected":false},"excerpt":{"rendered":"<p>Detayl\u0131 Bilgi&#8230; Detayl\u0131 Bilgi&#8230; Detayl\u0131 Bilgi&#8230; Detayl\u0131 Bilgi&#8230;<\/p>\n","protected":false},"author":2,"featured_media":0,"parent":0,"menu_order":0,"comment_status":"closed","ping_status":"closed","template":"","meta":{"footnotes":""},"class_list":["post-41","page","type-page","status-publish","hentry"],"_links":{"self":[{"href":"https:\/\/yeni.yavuzturkticaret.com\/index.php\/wp-json\/wp\/v2\/pages\/41","targetHints":{"allow":["GET"]}}],"collection":[{"href":"https:\/\/yeni.yavuzturkticaret.com\/index.php\/wp-json\/wp\/v2\/pages"}],"about":[{"href":"https:\/\/yeni.yavuzturkticaret.com\/index.php\/wp-json\/wp\/v2\/types\/page"}],"author":[{"embeddable":true,"href":"https:\/\/yeni.yavuzturkticaret.com\/index.php\/wp-json\/wp\/v2\/users\/2"}],"replies":[{"embeddable":true,"href":"https:\/\/yeni.yavuzturkticaret.com\/index.php\/wp-json\/wp\/v2\/comments?post=41"}],"version-history":[{"count":4,"href":"https:\/\/yeni.yavuzturkticaret.com\/index.php\/wp-json\/wp\/v2\/pages\/41\/revisions"}],"predecessor-version":[{"id":380,"href":"https:\/\/yeni.yavuzturkticaret.com\/index.php\/wp-json\/wp\/v2\/pages\/41\/revisions\/380"}],"wp:attachment":[{"href":"https:\/\/yeni.yavuzturkticaret.com\/index.php\/wp-json\/wp\/v2\/media?parent=41"}],"curies":[{"name":"wp","href":"https:\/\/api.w.org\/{rel}","templated":true}]}}